88
What is the remainder when 66183 is divided by 1614?
9
Calculate the remainder when 2219087 is divided by 332.
331
Calculate the remainder when 570694 is divided by 79.
77
Calculate the remainder when 3817 is divided by 510.
247
Calculate the remainder when 300 is divided by 78.
66
Calculate the remainder when 2332 is divided by 520.
252
What is the remainder when 3045 is divided by 1001?
42
What is the remainder when 7834 is divided by 557?
36
Calculate the remainder when 1285 is divided by 376.
157
What is the remainder when 36728 is divided by 38?
20
Calculate the remainder when 449304 is divided by 28.
16
Calculate the remainder when 10775021 is divided by 277.
275
What is the remainder when 14108 is divided by 1761?
20
What is the remainder when 415 is divided by 346?
69
What is the remainder when 24436 is divided by 41?
0
What is the remainder when 13214 is divided by 115?
104
What is the remainder when 17297 is divided by 961?
960
What is the remainder when 8064 is divided by 503?
16
What is the remainder when 4529 is divided by 1497?
38
Calculate the remainder when 27531 is divided by 7.
0
Calculate the remainder when 2082829 is divided by 2322.
2317
What is the remainder when 232497 is divided by 26?
5
What is the remainder when 123072 is divided by 75?
72
What is the remainder when 1370 is divided by 892?
478
Calculate the remainder when 1331 is divided by 266.
1
What is the remainder when 9127 is divided by 369?
271
What is the remainder when 1540 is divided by 616?
308
Calculate the remainder when 544498 is divided by 125.
123
Calculate the remainder when 6388 is divided by 1858.
814
Calculate the remainder when 1061 is divided by 3.
2
Calculate the remainder when 9179 is divided by 33.
5
What is the remainder when 9251 is divided by 3083?
2
What is the remainder when 3615 is divided by 601?
9
What is the remainder when 44308 is divided by 1431?
1378
What is the remainder when 1958 is divided by 602?
152
Calculate the remainder when 26007 is divided by 75.
57
What is the remainder when 62761 is divided by 221?
218
What is the remainder when 39971 is divided by 232?
67
What is the remainder when 993 is divided by 120?
33
What is the remainder when 425 is divided by 61?
59
Calculate the remainder when 625709 is divided by 10.
9
What is the remainder when 3477 is divided by 285?
57
Calculate the remainder when 130002 is divided by 1000.
2
What is the remainder when 472814 is divided by 16?
14
What is the remainder when 6857 is divided by 230?
187
What is the remainder when 33380 is divided by 1250?
880
What is the remainder when 3955 is divided by 3953?
2
What is the remainder when 8528 is divided by 4253?
22
What is the remainder when 46051 is divided by 387?
385
Calculate the remainder when 3409058 is divided by 1327.
1322
What is the remainder when 7704 is divided by 275?
4
Calculate the remainder when 626 is divided by 143.
54
Calculate the remainder when 12269 is divided by 775.
644
Calculate the remainder when 11249 is divided by 3749.
2
Calculate the remainder when 27604 is divided by 27512.
92
What is the remainder when 4068 is divided by 27?
18
Calculate the remainder when 35969 is divided by 165.
164
What is the remainder when 109759 is divided by 78?
13
What is the remainder when 535664 is divided by 588?
584
What is the remainder when 36212 is divided by 1002?
140
What is the remainder when 9780 is divided by 136?
124
Calculate the remainder when 249081 is divided by 2093.
14
What is the remainder when 186937 is divided by 1438?
1435
What is the remainder when 30248 is divided by 927?
584
Calculate the remainder when 46467 is divided by 11581.
143
What is the remainder when 5453 is divided by 1040?
253
Calculate the remainder when 23689 is divided by 29.
25
What is the remainder when 164 is divided by 8?
4
Calculate the remainder when 5647 is divided by 50.
47
Calculate the remainder when 6450 is divided by 1374.
954
Calculate the remainder when 1650 is divided by 114.
54
Calculate the remainder when 39720 is divided by 62.
40
What is the remainder when 2870 is divided by 54?
8
What is the remainder when 939 is divided by 94?
93
What is the remainder when 17577 is divided by 47?
46
Calculate the remainder when 3034 is divided by 44.
42
Calculate the remainder when 2532 is divided by 776.
204
What is the remainder when 9762 is divided by 2259?
726
What is the remainder when 2405 is divided by 631?
512
What is the remainder when 30963 is divided by 3?
0
What is the remainder when 18061 is divided by 139?
130
Calculate the remainder when 80530 is divided by 26688.
466
Calculate the remainder when 1104 is divided by 159.
150
What is the remainder when 426257 is divided by 142051?
104
Calculate the remainder when 6023 is divided by 172.
3
Calculate the remainder when 21783 is divided by 247.
47
Calculate the remainder when 3247 is divided by 780.
127
What is the remainder when 35792 is divided by 41?
40
Calculate the remainder when 59415 is divided by 87.
81
What is the remainder when 8156 is divided by 312?
44
Calculate the remainder when 7055 is divided by 876.
47
What is the remainder when 23673 is divided by 1015?
328
What is the remainder when 28721 is divided by 76?
69
Calculate the remainder when 1234 is divided by 187.
112
What is the remainder when 87003 is divided by 86989?
14
Calculate the remainder when 452703 is divided by 3038.
41
Calculate the remainder when 850 is divided by 303.
244
What is the remainder when 334218 is divided by 68?
66
What is the remainder when 112396 is divided by 40?
36
What is the remainder when 32505 is divided by 357?
18
What is the remainder when 39771 is divided by 226?
221
What is the remainder when 4986 is divided by 552?
18
What is the remainder when 3612 is divided by 92?
24
What is the remainder when 9339 is divided by 1332?
15
What is the remainder when 105852 is divided by 11?
10
Calculate the remainder when 19436 is divided by 8.
4
What is the remainder when 8018 is divided by 1596?
38
Calculate the remainder when 26773 is divided by 400.
373
What is the remainder when 1881 is divided by 624?
9
Calculate the remainder when 3899 is divided by 157.
131
What is the remainder when 151033 is divided by 272?
73
What is the remainder when 30600 is divided by 5092?
48
Calculate the remainder when 45249 is divided by 808.
1
What is the remainder when 41853 is divided by 218?
215
What is the remainder when 117419 is divided by 30?
29
Calculate the remainder when 7698 is divided by 100.
98
What is the remainder when 25413 is divided by 25391?
22
Calculate the remainder when 574615 is divided by 22.
19
Calculate the remainder when 17469 is divided by 16.
13
What is the remainder when 18455 is divided by 6119?
98
Calculate the remainder when 4980 is divided by 4974.
6
Calculate the remainder when 141 is divided by 109.
32
What is the remainder when 24505 is divided by 986?
841
What is the remainder when 5760 is divided by 335?
65
What is the remainder when 203669 is divided by 558?
557
What is the remainder when 62247 is divided by 498?
495
What is the remainder when 6920 is divided by 3386?
148
What is the remainder when 37854 is divided by 208?
206
Calculate the remainder when 287266 is divided by 71812.
18
What is the remainder when 446876 is divided by 243?
242
Calculate the remainder when 1112 is divided by 486.
140
What is the remainder when 5336 is divided by 36?
8
What is the remainder when 33396 is divided by 54?
24
What is the remainder when 124855 is divided by 976?
903
Calculate the remainder when 13642 is divided by 427.
405
What is the remainder when 4308 is divided by 1418?
54
What is the remainder when 16837 is divided by 25?
12
Calculate the remainder when 644 is divided by 236.
172
Calculate the remainder when 6649 is divided by 636.
289
Calculate the remainder when 4964 is divided by 9.
5
What is the remainder when 7614 is divided by 20?
14
Calculate the remainder when 4062 is divided by 36.
30
What is the remainder when 7538 is divided by 210?
188
Calculate the remainder when 3464 is divided by 190.
44
Calculate the remainder when 29858 is divided by 7463.
6
Calculate the remainder when 13772 is divided by 212.
204
What is the remainder when 1711 is divided by 28